(-21) - 7081802/(-98) a composite number?
True
Suppose -c + 9747 = 5*x, x - 4*c = 144 + 1797. Is x a composite number?
False
Let d(y) be the first derivative of 40*y**3/3 + 29*y - 10. Is d(6) prime?
False
Suppose 0 = -5*l - 10, -4*l + 2 - 6 = -4*f. Let s(p) = -51*p**2 + 5*p - 6. Let w(x) = x**2 + x - 1. Let z(n) = -s(n) + 5*w(n). Is z(f) prime?
False
Suppose 19*m - 45268 = 7495. Is m prime?
True
Suppose -a = -4*w + 8261, -2*w + 5*a = a - 4134. Suppose 11*p = 6*p + w. Is p prime?
False
Let y(o) = 29*o - 12. Let h(j) = 28*j - 13. Let i(n) = 3*h(n) - 4*y(n). Let g be i(-8). Let a = g - 182. Is a prime?
True
Let x(h) be the second derivative of 25*h**4/12 + 11*h**3/6 - 5*h**2 - 5*h. Let g be x(8). Suppose 16*q = 18*q - g. Is q a composite number?
False
Let z = -119 - -124. Suppose -q + 5793 = z*o, 15 = -3*o + 3. Is q prime?
True
Is 845/(-1183) + 456480/14 composite?
True
Let c be 12/((-114)/(-56) - 2). Let u = c - 562. Is -2*3/(12/u) a composite number?
False
Suppose 6*q - 3 = 5*q. Suppose 0 = -q*u + 575 + 355. Suppose u = 3*j + 37. Is j composite?
True
Let a(b) = -8*b + 9901. Is a(0) a composite number?
False
Let d(z) = 9*z - 6*z**3 + 44*z**3 - 22 - 4 + 4*z**2 + 9. Is d(4) composite?
True
Let c = -1 - -3. Suppose -622 = -c*p + 760. Let a = -170 + p. Is a a prime number?
True
Suppose 30*a - 380482 = -79372. Is a a prime number?
True
Let p = 20388 - 2071. Is p prime?
False
Suppose -2*w + 5*x = -5*w + 1334, 2*w - 890 = -3*x. Let f = w + -35. Is f a composite number?
True
Is 609/13 - (-9)/((-117)/(-2)) prime?
True
Is (149676/36)/((-1)/(-3)) a composite number?
False
Let r(d) = d + 5. Let u = -9 - -4. Let o be r(u). Let q(w) = w**3 - w + 83. Is q(o) prime?
True
Let h(c) = c**3 + 10*c**2 + 8*c + 1. Let s be h(-9). Suppose -5*b + s*b + 23 = -4*p, 2 = 2*b - 4*p. Is b/((-18)/(-33))*-14 a composite number?
True
Suppose 4*g + g - 3355 = 0. Is g composite?
True
Let b(p) = p**2 + 5*p + 4. Let o be b(-3). Let d be (o/4)/(5/(-60)). Is 532/d + 4/12 composite?
False
Is 105754/46 + 2*4 a prime number?
False
Let g = 14 - 10. Suppose 5*j - g*j + 1568 = 3*i, -3*i + 1570 = j. Suppose i = 5*z + 48. Is z prime?
False
Suppose 5*a + 5*n + 85 = -0*n, 0 = -a - 4*n - 29. Let k = a - -16. Is (1 + -18)/(k/(-21)) prime?
False
Suppose 2*z - 4 - 17 = 3*y, 8 = -4*z - 4*y. Suppose 3*m - 381 = z*n, -3*m = -n - 0*n - 381. Is m a prime number?
True
Suppose 3*q - d - 12264 = 0, -3*q = -3*d + d - 12261. Suppose 5*n + q = 8*n. Is n a composite number?
True
Suppose -5*k = -8*k - 105. Let w = k + 28. Let f(l) = -l**3 - 6*l**2 - l - 17. Is f(w) a prime number?
False
Let h(g) = -26*g**2 + 2*g + 8. Let v be h(6). Suppose 0 = -0*y - 2*y - 862. Let u = y - v. Is u prime?
False
Let y be 72/20 - (-4)/10. Suppose -y*c = 4*i - 24, i = 2*c + 7 - 25. Is (847/(-44))/((-2)/c) composite?
True
Let o be ((-10)/4 - -3)*2326. Suppose 2*a - 4*w + o = -w, 2*w - 2330 = 4*a. Let i = -392 - a. Is i prime?
True
Let r = 9 + -7. Suppose -a = r*a - 4971. Is a a composite number?
False
Suppose y = 2*b + 28597, -b - 15 = 4*b. Is y prime?
True
Suppose 2*q - 2814 = 4*d, q - 30 = -2*d + 1385. Is q composite?
True
Let j(d) = 193*d + 1. Let t(g) = g. Let u(f) = -f**2 - 13*f - 7. Let l(b) = -6*t(b) - u(b). Let v be l(-6). Is j(v) a composite number?
True
Let g = 2155 - -348. Is g a composite number?
False
Let l(a) = 11*a**2 + 8*a + 14. Is l(9) prime?
True
Let t(y) = 2*y - 20. Let d be t(-16). Let h be -5*(-5)/(10/d). Let r = -63 - h. Is r a composite number?
False
Suppose 3*f = -0*f. Suppose 0 = -4*i + 5*i - 5*k + 10, f = -4*i + 5*k - 10. Suppose 0 = 4*v - i*v - 88. Is v a prime number?
False
Let s(j) = -j**3 + 6*j**2 + 3*j + 1. Is s(-4) composite?
False
Let c = 7497 - -4324. Is c composite?
False
Suppose 7*d = 12*d - 140. Suppose -3*p = -2*i + 5 + d, -i - 4*p - 11 = 0. Is i a composite number?
True
Let z(h) = -62*h - 10. Let u(b) = -1. Let x(s) = 12*u(s) - z(s). Let c be x(6). Suppose -5*q = -0*q - c. Is q prime?
False
Let j(q) = q - 14. Let n be j(12). Let t be (n - -4) + 1 + 0. Suppose -3*b - t*g + 508 = b, -2*g = 0. Is b a composite number?
False
Let p = 78 + -124. Let t be (80/(-30))/(4/(-138)). Let m = t + p. Is m a prime number?
False
Is (-5 - 1676)*-1 - -4 composite?
True
Let w be 2/2*(-9 - -5). Let v be 24/10 + w/10. Suppose -2 = n, -1801 = 3*t - 6*t + v*n. Is t prime?
True
Suppose -2*h + 16 = 2*h. Let s = -5 + h. Is s/(-4) + 3810/24 composite?
True
Let k(m) = -m**3 + 31*m**2 + 24*m - 50. Is k(31) prime?
False
Let g = -29 - -25. Let x(l) = -6*l - 9. Let m be x(g). Suppose 0 = m*r - 16*r + 127. Is r prime?
True
Let q(x) = -2*x**3 - 2*x**2 + 4*x + 2. Let n be q(-3). Let p = n - 23. Suppose -p*s = 27 - 264. Is s composite?
False
Suppose -3*y - 4*v - 596 = y, -y + 4*v - 174 = 0. Suppose -k + 243 = -2. Let d = k + y. Is d a composite number?
True
Suppose 7*r - 4*r = -30. Let p be (-24)/r + 10/(-25). Let s(a) = 24*a**3 - a**2 + 2*a - 1. Is s(p) composite?
False
Let i(n) = 3*n - 16. Let v be i(6). Suppose v*q - 2445 = -q. Is q a prime number?
False
Let u(l) = -4344*l - 787. Is u(-17) prime?
True
Let x(q) = -16*q**3 + 5*q + 1. Let u(s) = s**2 + 10*s - 2. Let h be u(-10). Is x(h) a composite number?
True
Let q(n) be the first derivative of -n**3/3 + 13*n**2/2 + 11*n - 6. Let z be q(13). Let t(i) = -i**2 + 17*i - 15. Is t(z) a prime number?
False
Suppose -9*a - 798 = -10*a. Suppose 1461 = 9*i - a. Is i composite?
False
Let n(s) be the third derivative of -s**4 + 11*s**3/6 - 10*s**2 + 9. Let d(f) = 2*f - 1. Let p be d(-2). Is n(p) composite?
False
Let f(d) = 5*d + 18301. Is f(0) composite?
False
Let a(k) = 573*k**2 + 25*k - 223. Is a(8) a prime number?
False
Let h(l) be the third derivative of -l**6/120 + 3*l**5/20 - l**4/24 - l**3/3 + 28*l**2. Suppose 2*t = a - 2 + 13, 2*t - 3*a = 5. Is h(t) a prime number?
True
Is 16/(-6) - (-14270174)/102 a composite number?
False
Suppose 4*j + 59915 = 27*j. Is j prime?
False
Let z be (836/(-66))/(2/(-3)). Let g = z + -16. Is (0 - -1) + g - -207 composite?
False
Let t(d) = 2*d**3 - 9*d**2 + 4*d - 3. Let o be 11 + 1 + (0 - 2). Let g = -4 + o. Is t(g) a prime number?
False
Suppose 10625 + 7791 = -8*n. Let l = n + 3341. Is l prime?
True
Suppose -3*l + 430 = -779. Let s = 958 + l. Is s a prime number?
True
Suppose 2*n = g - 3*g + 246, 5*n = -2*g + 624. Let m = 175 - n. Is m a composite number?
True
Let h = 97 - 13. Let n(d) = d**3 - 8*d**2. Let g be n(8). Suppose 3*f + f - h = g. Is f a prime number?
False
Suppose t - 4 - 11 = 0. Let s = 27 - t. Is (s/(-8))/(3/(-508)) composite?
True
Let g(x) = 121*x**3 - 4*x**2 + 10*x. Is g(3) a prime number?
False
Let h(v) be the first derivative of 88*v**3/3 + 3*v**2/2 - v + 2. Let z be h(-2). Suppose d + z = 6*d. Is d a composite number?
True
Let g = -8 - -12. Suppose g*x = 5*x - 224. Suppose 2*n - 93 - x = -3*d, 472 = 3*n + d. Is n a prime number?
True
Suppose 0*r = 16*r - 39248. Is r a composite number?
True
Let s be ((-2)/4)/(6/(-216)). Let i = 20 - s. Suppose i*c + c - 642 = -3*f, f - 205 = 2*c. Is f composite?
False
Let f = 9 + 16. Let c = 178 + f. Is c a composite number?
True
Suppose 35*x + 8612 = 42597. Is x a prime number?
True
Let f(h) = -h**3 + 8*h**2 - h + 8. Let r be f(8). Let j be (-1 + 2)/(1 - r). Is (3 - 0) + (147 - j) a composite number?
False
Let b = -1590 - -2359. Is b composite?
False
Let k(v) = 3*v - 42. Let u be k(19). Suppose 5*f + u = 0, t + 4*f = 3*f + 1084. Is t a composite number?
False
Let l = 107 - 102. Let d(j) = 2*j**2 + 4*j + 3. Let g be d(-2). Suppose -144 = -c - g*c - l*o, 4*c = -o + 128. Is c a composite number?
False
Suppose 0 = b - 5*n + 8*n + 2768, -3*b - n = 8296. Let j = 1782 - b. Is j prime?
True
Let d = -32410 - -64703. Is d composite?
True
Suppose 0 = -2*d + 8*q - 12*q + 8846, 0 = -4*d + q + 17647. Is d a composite number?
True
Suppose 5*n + 509 = -5*y - 2166, -2*y - 1065 = 3*n. Let w = -61 - y. Is w a composite number?
False
Is ((-27)/36)/(-2 - 5326105/(-2663060)) prime?
True
Let l(j) = -j**3 - 3*j**2 + 1. Let u be l(-3). Is -1 - (u*-87 + 3) a composite number?
False
Is (-13 + 11)*(-2204 - -1) + 5 a prime number?
False
Let g = 747 - 1068. Let t = 220 + g. Let k = -30 - t. Is k a prime number?
True
Let j be -52 + (4 - 5)*-1. Let x = 166 + j. Is x a composite number?
True
Let o(s) be the first derivative of 3*